r?
True
Is 3437069 a composite number?
False
Is 64260769 composite?
True
Is 58244651 a prime number?
False
Is 1037005 a prime number?
False
Is 3159511 a composite number?
True
Is 33928831 a prime number?
True
Is 35708566 a composite number?
True
Is 5431246 a prime number?
False
Is 114183011 composite?
False
Is 5173843 a prime number?
True
Is 40537537 a prime number?
False
Is 4807147 a composite number?
False
Is 331337381 prime?
True
Is 6112003 a prime number?
True
Is 17396429 composite?
True
Is 9066091 composite?
False
Is 251595037 prime?
False
Is 728009 prime?
False
Is 32060393 a prime number?
False
Is 8203466 a composite number?
True
Is 2083421 prime?
True
Is 88063 composite?
True
Is 471452207 a prime number?
True
Is 23006811 a prime number?
False
Is 17859 composite?
True
Is 32550541 a composite number?
False
Is 23786915 a prime number?
False
Is 648041 a prime number?
True
Is 18327047 a composite number?
False
Is 10784383 composite?
False
Is 289717 a prime number?
True
Is 17401103 a prime number?
True
Is 647719 composite?
False
Is 4339261 a composite number?
True
Is 1605574 prime?
False
Is 2959391 prime?
True
Is 50498551 prime?
False
Is 1358277 a prime number?
False
Is 38883237 a composite number?
True
Is 25061891 composite?
False
Is 592992511 a composite number?
False
Is 41691557 a prime number?
True
Is 3849757 a prime number?
True
Is 38842007 composite?
False
Is 98520271 a composite number?
False
Is 2271259 a composite number?
True
Is 1060937 composite?
False
Is 705055913 composite?
False
Is 113655107 composite?
False
Is 81224483 composite?
True
Is 95228321 prime?
True
Is 5091173 a prime number?
True
Is 25188193 composite?
True
Is 46848383 composite?
True
Is 4084931 a composite number?
False
Is 1324542451 a prime number?
False
Is 10282849 a composite number?
True
Is 4833683 a prime number?
True
Is 1426643 a prime number?
True
Is 12270669 a composite number?
True
Is 62399293 prime?
False
Is 1863401 prime?
True
Is 284412419 a composite number?
False
Is 641789 a composite number?
False
Is 140394509 a prime number?
False
Is 122089783 prime?
False
Is 2523061 composite?
True
Is 51536063 a composite number?
True
Is 1406621 a prime number?
False
Is 19940821 a composite number?
False
Is 317961458 composite?
True
Is 1025197 a composite number?
False
Is 536654707 a prime number?
False
Is 2867471 prime?
True
Is 16932985 composite?
True
Is 6908929 prime?
True
Is 1382351 a prime number?
False
Is 101676637 composite?
False
Is 819059 a prime number?
False
Is 276754103 a composite number?
True
Is 9239 prime?
True
Is 1079477 prime?
False
Is 23578667 prime?
False
Is 10177851 prime?
False
Is 4456421 a prime number?
True
Is 18677069 a composite number?
False
Is 8862527 composite?
False
Is 664927 a composite number?
True
Is 543271 prime?
False
Is 3944245 composite?
True
Is 2626531 prime?
False
Is 238355327 a prime number?
False
Is 31000587 a prime number?
False
Is 12750943 a composite number?
True
Is 44673571 a prime number?
True
Is 191277571 prime?
True
Is 88416569 a prime number?
False
Is 598421 prime?
True
Is 1057157 composite?
False
Is 7261841 composite?
False
Is 3700981 composite?
True
Is 195949709 composite?
True
Is 40829963 a prime number?
True
Is 7760437 a composite number?
False
Is 15134971 a prime number?
False
Is 13901557 prime?
False
Is 36371767 a prime number?
False
Is 32247577 a composite number?
False
Is 9986323 prime?
True
Is 73645511 prime?
False
Is 38056927 composite?
True
Is 151613158 composite?
True
Is 780323 a composite number?
False
Is 20529881 a prime number?
True
Is 29476423 a composite number?
False
Is 247922467 prime?
False
Is 33780067 a composite number?
False
Is 11502467 a prime number?
False
Is 17435161 a composite number?
True
Is 107846993 a prime number?
True
Is 214459 composite?
True
Is 3514267 prime?
True
Is 5716859 a prime number?
False
Is 22489091 composite?
False
Is 1155094 a composite number?
True
Is 57535487 a prime number?
True
Is 4273343 a prime number?
True
Is 9325543 a prime number?
True
Is 44638649 composite?
True
Is 9927041 a composite number?
False
Is 1645715 composite?
True
Is 396459086 a prime number?
False
Is 712667 composite?
True
Is 64295818 a prime number?
False
Is 71824099 prime?
False
Is 38925403 prime?
False
Is 840947 a prime number?
False
Is 5886383 a prime number?
True
Is 56176489 composite?
True
Is 9574819 a composite number?
True
Is 225863 a composite number?
True
Is 41494609 a composite number?
True
Is 3114701 composite?
False
Is 52543153 prime?
False
Is 2421059 a prime number?
False
Is 74274407 composite?
False
Is 7137481 a prime number?
False
Is 17807353 a composite number?
False
Is 1037037 prime?
False
Is 243913 a composite number?
True
Is 25126121 a prime number?
False
Is 29474441 composite?
True
Is 158049965 prime?
False
Is 20489746 a prime number?
False
Is 503031 prime?
False
Is 25085031 composite?
True
Is 4016959 prime?
True
Is 315803 a composite number?
False
Is 3128071 a composite number?
True
Is 8932139 prime?
True
Is 3604033 prime?
False
Is 655807 composite?
False
Is 58991381 prime?
True
Is 3028159 composite?
True
Is 906583 a composite number?
True
Is 84888481 composite?
True
Is 7702559 a prime number?
True
Is 126304181 a composite number?
True
Is 22278121 composite?
False
Is 4081823 prime?
False
Is 35697619 prime?
True
Is 30073405 a prime number?
False
Is 236738109 prime?
False
Is 53958167 composite?
True
Is 2026697 a prime number?
True
Is 67765933 a composite number?
False
Is 1082779 prime?
False
Is 474437 a prime number?
True
Is 952153 a prime number?
False
Is 65425991 prime?
True
Is 76741507 composite?
True
Is 2172701 a prime number?
True
Is 350347 composite?
False
Is 52946983 prime?
False
Is 426401 composite?
False
Is 127513299 composite?
True
Is 2184757 prime?
False
Is 170152919 a composite number?
True
Is 383702951 prime?
False
Is 14082505 prime?
False
Is 22741169 a prime number?
False
Is 1190325665 a prime number?
False
Is 234177571 a prime number?
False
Is 725723 composite?
False
Is 9779491 prime?
True
Is 120120659 a composite number?
False
Is 503370521 a composite number?
True
Is 3720659 a prime number?
False
Is 20351335 prime?
False
Is 1076519737 composite?
False
Is 8510189 prime?
False
Is 1436849 prime?
True
Is 2849291 composite?
False
Is 8183587 a prime number?
True
Is 305197639 prime?
True
Is 2877839 prime?
True
Is 5897729 prime?
False
Is 1758199 composite?
True
Is 98341627 a composite number?
False
Is 29987957 a prime number?
True
Is 193028977 a composite number?
False
Is 2582249 a prime number?
False
Is 17176429 composite?
False
Is 50966437 a composite number?
False
Is 36943061 prime?
True
Is 6488447 prime?
False
Is 47485681 prime?
False
Is 391462 a prime number?
False
Is 906869 a prime number?
True
Is 44234419 a composite number?
True
Is 269262307 a composite number?
False
Is 525853 a prime number?
False
Is 6295249 a prime number?
True
Is 183999947 prime?
False
Is 3667721 a prime number?
True
Is 122512318 a prime number?
False
Is 1252507 a prime number?
True
Is 2815409 a composite number?
True
Is 4604641 composite?
False
Is 441479 prime?
True
Is 151033027 a prime number?
False
Is 2772827 prime?
True
Is 41553971 a composite number?
False
Is 924767 a prime number?
False
Is 12633487 a composite number?
False
Is 21786203 a composite number?
True
Is 189357737 prime?
True
Is 75433091 a prime number?
True
Is 3806677 a composite number?
True
Is 113742599 prime?
True
Is 5472811 prime?
False
Is 30038131 a composite number?
True
Is 23302313 prime?
True
Is 432911057 a composite number?
True
Is 110473603 a composite number?
False
Is 1151388793 composite?
False
Is 72763 composite?
False
Is 3366157 a composite number?
True
Is 22343 a prime number?
True
Is 1741513 a prime number?
False
Is 32358397 prime?
False
Is 1742093 a composite number?
True
Is 27536191 composite?
True
Is 3425081 composite?
True
Is 103339 a composite number?
True
Is 1341839 a prime number?
True
Is 263741 prime?
False
Is 137642839 prime?
True
Is 2003479 a composite number?
True
Is 13518763 composite?
True
Is 7273691 a prime number?
True
Is 90805079 prime?
True
Is 948399 composite?
True
Is 7867529 prime?
False
Is 513483 a composite number?
True
Is 42453421 composite?
True
Is 25611691 a prime number?
False
Is 1247189 c